{"id":577,"date":"2020-12-17T01:31:24","date_gmt":"2020-12-17T00:31:24","guid":{"rendered":"https:\/\/www.web-sap-relax.fr\/?page_id=577"},"modified":"2020-12-17T01:48:11","modified_gmt":"2020-12-17T00:48:11","slug":"temoignage-reda-hamiti","status":"publish","type":"page","link":"https:\/\/www.seformeretreussir.fr\/index.php\/temoignage-reda-hamiti\/","title":{"rendered":"T\u00e9moignage  Reda Hamiti"},"content":{"rendered":"\n<h1 class=\"wp-block-heading\" id=\"post-header-temoignage-de-reda-hamiti-de-jobperformance\">de Job performance<\/h1>\n\n\n\n<p id=\"viewer-foo\">J'ai connu Laeticia Mouill\u00e9 de Persevere.fr Academy dans un groupe Facebook de partage de formateurs professionnels o\u00f9 l'on \u00e9change sur les pratiques de la formation professionnel \u00e9tant nouveau dans le domaine en tant qu'informaticien. J'ai \u00e9t\u00e9 frapp\u00e9 par la pertinence de ses r\u00e9ponses aux besoins des autres formateurs sur les pratiques de la formation professionnelle.<\/p>\n\n\n\n<p id=\"viewer-3naou\">Donc, c'est pour cela que je me suis inscris \u00e0 sa formation apr\u00e8s avoir eu un entretien avec elle apr\u00e8s l'avoir contact\u00e9 en MP (message priv\u00e9) pour cr\u00e9er mon centre de formation. Etant nouveau dans le monde de la formation, je voulais comprendre les tenants et aboutissements du monde de la formation personnelle pour pouvoir cr\u00e9er et p\u00e9renniser mon activit\u00e9 de formation.<\/p>\n\n\n\n<p id=\"viewer-4jg65\">Effectivement la formation et l'accompagnement ont \u00e9t\u00e9 au del\u00e0 de mes attentes, parce que Aujourd'hui j'ai pu valider mon projet professionnel d'accompagnement de porteur de projets pour les informaticiens. J'ai donc cr\u00e9\u00e9 ma SASU en \u00e9tant accompagn\u00e9 pour faire la d\u00e9marche avec Laetitia Mouill\u00e9 sur Infogreffe et j'ai eu mon Kbis en 48h qui s'appelle Jobperformance.<\/p>\n\n\n\n<p id=\"viewer-cbl64\">Jobperformance permet non seulement d'accompagner les informaticiens \u00e0 cr\u00e9er leur entreprise mais les aider \u00e0 savoir comment se vendre avec performance pour trouver facilement des clients et avoir une prestation de qualit\u00e9 de longue dur\u00e9e.<\/p>\n\n\n\n<p id=\"viewer-20usb\">Aujourd'hui bien que la formation soit termin\u00e9e, le centre de formation Pervere.fr Academy, continue de m'accompagner pour finaliser mon projet de formation afin d'obtenir mon num\u00e9ro de d\u00e9claration d'activit\u00e9 et devenir un organisme de formation de qualit\u00e9.<\/p>\n\n\n\n<p id=\"viewer-5ss6k\">Je suis entrain de pr\u00e9parer le contenu de mes formations en FOAD gr\u00e2ce \u00e0 la qualit\u00e9 de l'accompagnement que j'ai re\u00e7u de <a href=\"http:\/\/Perverver.fr\" target=\"_blank\" rel=\"noreferrer noopener\"><u>Perverver.fr<\/u><\/a>, sachant Laeticia se rend disponible dans son groupe priv\u00e9 Whatsapp auquel j'appartiens pour le suivi de mes d\u00e9marches.<\/p>\n\n\n\n<p id=\"viewer-1k6nv\">D'ici Janvier 2021, je serai pr\u00eat pour \u00eatre accompagn\u00e9 afin de pr\u00e9parer la certification Qualiopi qui permet d'\u00eatre reconnu par l'\u00e9tat en tant que prestataire de qualit\u00e9.<\/p>\n\n\n\n<p id=\"viewer-cm2ql\">Je vous recommande vivement de travailler votre projet professionnel avec Laetitia Mouill\u00e9 pour la qualit\u00e9 de sa rigueur de la connaissance des bonnes pratiques que ca soit administrative ou r\u00e8glementaires ou technique en ce qui concerne vos formations en ligne et ceci afin de vous aider \u00e0 d\u00e9velopper rapidement votre activit\u00e9 de formation.<\/p>\n\n\n\n<p id=\"viewer-8j4ir\">Vaut mieux \u00eatre accompagne pour gagner du temps que de le faire soit m\u00eame tout dans son coin ce qui risque de vous faire perdre beaucoup de temps.<\/p>\n\n\n\n<p>Retrouvez-moi sur <a href=\"https:\/\/www.facebook.com\/reda.hamiti\">Facebook<\/a><\/p>\n","protected":false},"excerpt":{"rendered":"<p>de Job performance J&rsquo;ai connu Laeticia Mouill\u00e9 de Persevere.fr Academy dans un groupe Facebook de partage de formateurs professionnels o\u00f9 l&rsquo;on \u00e9change sur les pratiques de la formation professionnel \u00e9tant nouveau dans le domaine en tant qu&rsquo;informaticien. J&rsquo;ai \u00e9t\u00e9 frapp\u00e9 par la pertinence de ses r\u00e9ponses aux besoins des autres formateurs sur les pratiques de [&hellip;]<\/p>\n","protected":false},"author":1,"featured_media":0,"parent":0,"menu_order":0,"comment_status":"closed","ping_status":"closed","template":"","meta":{"footnotes":""},"class_list":["post-577","page","type-page","status-publish","hentry"],"_links":{"self":[{"href":"https:\/\/www.seformeretreussir.fr\/index.php\/wp-json\/wp\/v2\/pages\/577","targetHints":{"allow":["GET"]}}],"collection":[{"href":"https:\/\/www.seformeretreussir.fr\/index.php\/wp-json\/wp\/v2\/pages"}],"about":[{"href":"https:\/\/www.seformeretreussir.fr\/index.php\/wp-json\/wp\/v2\/types\/page"}],"author":[{"embeddable":true,"href":"https:\/\/www.seformeretreussir.fr\/index.php\/wp-json\/wp\/v2\/users\/1"}],"replies":[{"embeddable":true,"href":"https:\/\/www.seformeretreussir.fr\/index.php\/wp-json\/wp\/v2\/comments?post=577"}],"version-history":[{"count":3,"href":"https:\/\/www.seformeretreussir.fr\/index.php\/wp-json\/wp\/v2\/pages\/577\/revisions"}],"predecessor-version":[{"id":588,"href":"https:\/\/www.seformeretreussir.fr\/index.php\/wp-json\/wp\/v2\/pages\/577\/revisions\/588"}],"wp:attachment":[{"href":"https:\/\/www.seformeretreussir.fr\/index.php\/wp-json\/wp\/v2\/media?parent=577"}],"curies":[{"name":"wp","href":"https:\/\/api.w.org\/{rel}","templated":true}]}}

Témoignage  Reda Hamiti

<h1 class="wp-block-heading" id="post-header-temoignage-de-reda-hamiti-de-jobperformance">de Job performance</h1>



<p id="viewer-foo">J'ai connu Laeticia Mouillé de Persevere.fr Academy dans un groupe Facebook de partage de formateurs professionnels où l'on échange sur les pratiques de la formation professionnel étant nouveau dans le domaine en tant qu'informaticien. J'ai été frappé par la pertinence de ses réponses aux besoins des autres formateurs sur les pratiques de la formation professionnelle.</p>



<p id="viewer-3naou">Donc, c'est pour cela que je me suis inscris à sa formation après avoir eu un entretien avec elle après l'avoir contacté en MP (message privé) pour créer mon centre de formation. Etant nouveau dans le monde de la formation, je voulais comprendre les tenants et aboutissements du monde de la formation personnelle pour pouvoir créer et pérenniser mon activité de formation.</p>



<p id="viewer-4jg65">Effectivement la formation et l'accompagnement ont été au delà de mes attentes, parce que Aujourd'hui j'ai pu valider mon projet professionnel d'accompagnement de porteur de projets pour les informaticiens. J'ai donc créé ma SASU en étant accompagné pour faire la démarche avec Laetitia Mouillé sur Infogreffe et j'ai eu mon Kbis en 48h qui s'appelle Jobperformance.</p>



<p id="viewer-cbl64">Jobperformance permet non seulement d'accompagner les informaticiens à créer leur entreprise mais les aider à savoir comment se vendre avec performance pour trouver facilement des clients et avoir une prestation de qualité de longue durée.</p>



<p id="viewer-20usb">Aujourd'hui bien que la formation soit terminée, le centre de formation Pervere.fr Academy, continue de m'accompagner pour finaliser mon projet de formation afin d'obtenir mon numéro de déclaration d'activité et devenir un organisme de formation de qualité.</p>



<p id="viewer-5ss6k">Je suis entrain de préparer le contenu de mes formations en FOAD grâce à la qualité de l'accompagnement que j'ai reçu de <a href="http://Perverver.fr" target="_blank" rel="noreferrer noopener"><u>Perverver.fr</u></a>, sachant Laeticia se rend disponible dans son groupe privé Whatsapp auquel j'appartiens pour le suivi de mes démarches.</p>



<p id="viewer-1k6nv">D'ici Janvier 2021, je serai prêt pour être accompagné afin de préparer la certification Qualiopi qui permet d'être reconnu par l'état en tant que prestataire de qualité.</p>



<p id="viewer-cm2ql">Je vous recommande vivement de travailler votre projet professionnel avec Laetitia Mouillé pour la qualité de sa rigueur de la connaissance des bonnes pratiques que ca soit administrative ou règlementaires ou technique en ce qui concerne vos formations en ligne et ceci afin de vous aider à développer rapidement votre activité de formation.</p>



<p id="viewer-8j4ir">Vaut mieux être accompagne pour gagner du temps que de le faire soit même tout dans son coin ce qui risque de vous faire perdre beaucoup de temps.</p>



<p>Retrouvez-moi sur <a href="https://www.facebook.com/reda.hamiti">Facebook</a></p>

<p>de Job performance J&rsquo;ai connu Laeticia Mouillé de Persevere.fr Academy dans un groupe Facebook de partage de formateurs professionnels où l&rsquo;on échange sur les pratiques de la formation professionnel étant nouveau dans le domaine en tant qu&rsquo;informaticien. J&rsquo;ai été frappé par la pertinence de ses réponses aux besoins des autres formateurs sur les pratiques de [&hellip;]</p>
