{"id":549,"date":"2020-12-16T23:44:00","date_gmt":"2020-12-16T22:44:00","guid":{"rendered":"https:\/\/www.web-sap-relax.fr\/?page_id=549"},"modified":"2020-12-17T01:41:52","modified_gmt":"2020-12-17T00:41:52","slug":"ressources","status":"publish","type":"page","link":"https:\/\/www.seformeretreussir.fr\/index.php\/ressources\/","title":{"rendered":"Documentation"},"content":{"rendered":"\n<div class=\"wp-block-file\"><a href=\"https:\/\/www.web-sap-relax.fr\/wp-content\/uploads\/2020\/12\/2.1-livret-accueil.pdf\">Livret d'Accueil  de PERSEVERE.FR ACADEMY<\/a><a href=\"https:\/\/www.web-sap-relax.fr\/wp-content\/uploads\/2020\/12\/2.1-livret-accueil.pdf\" class=\"wp-block-file__button\" download>T\u00e9l\u00e9charger<\/a><\/div>\n\n\n\n<div class=\"wp-block-file\"><a href=\"https:\/\/www.web-sap-relax.fr\/wp-content\/uploads\/2020\/12\/guide-lecture-referentiel-qualite.pdf\">Guide de lecture du R\u00e9f\u00e9rentiel Qualit\u00e9 National<\/a><a href=\"https:\/\/www.web-sap-relax.fr\/wp-content\/uploads\/2020\/12\/guide-lecture-referentiel-qualite.pdf\" class=\"wp-block-file__button\" download>T\u00e9l\u00e9charger<\/a><\/div>\n\n\n\n<p><\/p>\n","protected":false},"excerpt":{"rendered":"","protected":false},"author":1,"featured_media":0,"parent":0,"menu_order":0,"comment_status":"closed","ping_status":"closed","template":"","meta":{"footnotes":""},"class_list":["post-549","page","type-page","status-publish","hentry"],"_links":{"self":[{"href":"https:\/\/www.seformeretreussir.fr\/index.php\/wp-json\/wp\/v2\/pages\/549","targetHints":{"allow":["GET"]}}],"collection":[{"href":"https:\/\/www.seformeretreussir.fr\/index.php\/wp-json\/wp\/v2\/pages"}],"about":[{"href":"https:\/\/www.seformeretreussir.fr\/index.php\/wp-json\/wp\/v2\/types\/page"}],"author":[{"embeddable":true,"href":"https:\/\/www.seformeretreussir.fr\/index.php\/wp-json\/wp\/v2\/users\/1"}],"replies":[{"embeddable":true,"href":"https:\/\/www.seformeretreussir.fr\/index.php\/wp-json\/wp\/v2\/comments?post=549"}],"version-history":[{"count":6,"href":"https:\/\/www.seformeretreussir.fr\/index.php\/wp-json\/wp\/v2\/pages\/549\/revisions"}],"predecessor-version":[{"id":558,"href":"https:\/\/www.seformeretreussir.fr\/index.php\/wp-json\/wp\/v2\/pages\/549\/revisions\/558"}],"wp:attachment":[{"href":"https:\/\/www.seformeretreussir.fr\/index.php\/wp-json\/wp\/v2\/media?parent=549"}],"curies":[{"name":"wp","href":"https:\/\/api.w.org\/{rel}","templated":true}]}}