{"id":541,"date":"2020-12-16T23:29:31","date_gmt":"2020-12-16T22:29:31","guid":{"rendered":"https:\/\/www.web-sap-relax.fr\/?page_id=541"},"modified":"2025-01-01T17:29:12","modified_gmt":"2025-01-01T16:29:12","slug":"bilan-de-competence","status":"publish","type":"page","link":"https:\/\/www.seformeretreussir.fr\/index.php\/bilan-de-competence\/","title":{"rendered":"Bilan de Comp\u00e9tence"},"content":{"rendered":"<div class=\"wp-block-image\">\n<figure class=\"aligncenter\"><img loading=\"lazy\" decoding=\"async\" width=\"258\" height=\"259\" src=\"https:\/\/www.seformeretreussir.fr\/wp-content\/uploads\/2024\/12\/edof-2.png\" alt=\"\" class=\"wp-image-954\" srcset=\"https:\/\/www.seformeretreussir.fr\/wp-content\/uploads\/2024\/12\/edof-2.png 258w, https:\/\/www.seformeretreussir.fr\/wp-content\/uploads\/2024\/12\/edof-2-150x150.png 150w\" sizes=\"auto, (max-width: 258px) 100vw, 258px\" \/><\/figure><\/div>\n\n\n<p class=\"has-text-align-center\"><a href=\"https:\/\/www.seformeretreussir.fr\/wp-content\/uploads\/2025\/01\/certificat-B00955-2024-12-21T23_00_00Z.pdf\">Notre Certificat Qualiopi<\/a><\/p>\n\n\n\n<figure class=\"wp-block-image size-large is-resized\"><img loading=\"lazy\" decoding=\"async\" width=\"543\" height=\"291\" src=\"https:\/\/www.web-sap-relax.fr\/wp-content\/uploads\/2020\/12\/image-2.png\" alt=\"\" class=\"wp-image-544\" style=\"width:603px;height:323px\" srcset=\"https:\/\/www.seformeretreussir.fr\/wp-content\/uploads\/2020\/12\/image-2.png 543w, https:\/\/www.seformeretreussir.fr\/wp-content\/uploads\/2020\/12\/image-2-300x161.png 300w\" sizes=\"auto, (max-width: 543px) 100vw, 543px\" \/><\/figure>\n\n\n\n<p class=\"has-text-align-center has-text-color\" style=\"color:#a32900;font-size:29px\"><strong>BILAN DE COMP\u00c9TENCES : UN MOMENT PRIVIL\u00c9GI\u00c9 DE VOTRE VIE<\/strong><\/p>\n\n\n\n<p>Vous pr\u00e9parez votre avenir professionnel,&nbsp;c\u2019est aussi un moment pour penser \u00e0 vous&nbsp; sur le plan personnel :<\/p>\n\n\n\n<ul class=\"wp-block-list\">\n<li>Qu\u2019est-ce que j\u2019ai toujours voulu faire et que je n\u2019ai jamais fait ?<\/li>\n\n\n\n<li>Comment je veux organiser ma vie entre ma famille, ma vie de couple, mon travail, mes passions ?<\/li>\n\n\n\n<li>Dans quel m\u00e9tier je me vois demain ?<\/li>\n<\/ul>\n\n\n\n<p>Nous vous aidons \u00e0 trouver vos r\u00e9ponses !&nbsp;Et \u00e0 envisager ainsi l'avenir d'une fa\u00e7on sereine et constructive !<\/p>\n\n\n\n<p class=\"has-text-color\" style=\"color:#a31300\"><strong>Bilan de comp\u00e9tences : son d\u00e9roulement en pratique<\/strong><\/p>\n\n\n\n<p><strong>\u200b<\/strong>La d\u00e9marche de bilan de comp\u00e9tences dure 24 heures,&nbsp;dont 16 heures de \"face \u00e0 face\" et s'\u00e9tale sur une dur\u00e9e de 2 \u00e0 3 mois sachant que tous les&nbsp;entretiens sont individuels.<\/p>\n\n\n\n<p>Au cours d'un premier entretien gratuit, d'une&nbsp;heure, nous vous pr\u00e9sentons notre vision du bilan de comp\u00e9tences ainsi que notre m\u00e9thodologie.<\/p>\n\n\n\n<p class=\"has-text-color\" style=\"color:#e01f05\"><strong>Mais ce n'est qu'un d\u00e9but :<\/strong><\/p>\n\n\n\n<p>Car dans un bilan de comp\u00e9tences, on parle beaucoup de soi.<\/p>\n\n\n\n<p>Il faut donc :<\/p>\n\n\n\n<ul class=\"wp-block-list\">\n<li><span style=\"color:#001ba3\" class=\"tadv-color\">Se sentir bien !<\/span><\/li>\n\n\n\n<li><span style=\"color:#00a0a3\" class=\"tadv-color\">Etre en confiance !<\/span><\/li>\n\n\n\n<li><span style=\"color:#278502\" class=\"tadv-color\">Ressentir une \u00e9coute attentive.<\/span><\/li>\n<\/ul>\n\n\n\n<p>\u200bCe premier entretien est donc crucial car il vous permettra de rencontrer votre accompagnateur professionnel&nbsp;attitr\u00e9 dans un cadre confidentiel et de bien comprendre les enjeux.<strong><mark style=\"background-color:rgba(0, 0, 0, 0)\" class=\"has-inline-color has-accent-color\"><mark style=\"background-color:rgba(0, 0, 0, 0)\" class=\"has-inline-color has-accent-color\"><\/mark><\/mark><\/strong><\/p>\n\n\n\n<p class=\"has-text-color\" style=\"color:#cf2726;font-size:24px\"><strong>Bilan de comp\u00e9tences : un accompagnement professionnel qui place votre identit\u00e9&nbsp;au c\u0153ur&nbsp;de votre r\u00e9ussite !&nbsp;<\/strong><\/p>\n\n\n\n<p><\/p>\n\n\n\n<p class=\"has-large-font-size\"><strong><mark style=\"background-color:rgba(0, 0, 0, 0)\" class=\"has-inline-color has-accent-color\">Cadre l\u00e9gal du Bilan de Comp\u00e9tences<\/mark><\/strong><\/p>\n\n\n\n<ul class=\"wp-block-list\">\n<li>Consentement du b\u00e9n\u00e9ficiaire<\/li>\n\n\n\n<li>Respect du secret professionnel<\/li>\n\n\n\n<li>Respect de la vie priv\u00e9e<\/li>\n\n\n\n<li>Accord du b\u00e9n\u00e9ficiaire pour la communication des r\u00e9sultats \u00e0 un tiers<\/li>\n\n\n\n<li>Destruction des documents \u00e0 l\u2019issue du bilan<\/li>\n<\/ul>\n\n\n\n<p><\/p>\n\n\n\n<p class=\"has-large-font-size\"><mark style=\"background-color:rgba(0, 0, 0, 0)\" class=\"has-inline-color has-accent-color\"><strong>Financement de votre Bilan de Comp\u00e9tences<\/strong><\/mark><\/p>\n\n\n\n<ul class=\"wp-block-list\">\n<li>Avec&nbsp;votre&nbsp;Compte&nbsp;Personnel&nbsp;de&nbsp;Formation&nbsp;(CPF)&nbsp;\u2013&nbsp;Code&nbsp;202&nbsp;(abondement&nbsp;possible&nbsp;par&nbsp;P\u00f4le&nbsp;Emploi)<\/li>\n\n\n\n<li>Par&nbsp;votre&nbsp;entreprise&nbsp;<\/li>\n\n\n\n<li>A&nbsp;titre&nbsp;personnel <\/li>\n<\/ul>\n\n\n\n<p><\/p>\n\n\n\n<p>Vous pouvez nous contacter pour votre <strong>Bilan de Comp\u00e9tences<\/strong> afin que nous puissions vous envoyer par mail le programme adapt\u00e9 \u00e0 l'analyse de vos besoins. Ce programme appara\u00eetra dans votre Contrat de Bilan de Comp\u00e9tence.<\/p>\n\n\n\n<p class=\"has-text-align-center\"><span style=\"color: #ff0000;\"><strong>AVEC PERSEVERE.FR ACADEMY - PERSA<\/strong><\/span><br \/><span style=\"color: #ff0000;\"><strong>R\u00c9USSISSEZ VOTRE BILAN DE COMP\u00c9TENCES !<\/strong><\/span><\/p>\n","protected":false},"excerpt":{"rendered":"<p>Notre Certificat Qualiopi BILAN DE COMP\u00c9TENCES : UN MOMENT PRIVIL\u00c9GI\u00c9 DE VOTRE VIE Vous pr\u00e9parez votre avenir professionnel,&nbsp;c\u2019est aussi un moment pour penser \u00e0 vous&nbsp; sur le plan personnel : Nous vous aidons \u00e0 trouver vos r\u00e9ponses !&nbsp;Et \u00e0 envisager ainsi l&rsquo;avenir d&rsquo;une fa\u00e7on sereine et constructive ! Bilan de comp\u00e9tences : son d\u00e9roulement en [&hellip;]<\/p>\n","protected":false},"author":1,"featured_media":0,"parent":0,"menu_order":0,"comment_status":"closed","ping_status":"closed","template":"","meta":{"footnotes":""},"class_list":["post-541","page","type-page","status-publish","hentry"],"_links":{"self":[{"href":"https:\/\/www.seformeretreussir.fr\/index.php\/wp-json\/wp\/v2\/pages\/541","targetHints":{"allow":["GET"]}}],"collection":[{"href":"https:\/\/www.seformeretreussir.fr\/index.php\/wp-json\/wp\/v2\/pages"}],"about":[{"href":"https:\/\/www.seformeretreussir.fr\/index.php\/wp-json\/wp\/v2\/types\/page"}],"author":[{"embeddable":true,"href":"https:\/\/www.seformeretreussir.fr\/index.php\/wp-json\/wp\/v2\/users\/1"}],"replies":[{"embeddable":true,"href":"https:\/\/www.seformeretreussir.fr\/index.php\/wp-json\/wp\/v2\/comments?post=541"}],"version-history":[{"count":9,"href":"https:\/\/www.seformeretreussir.fr\/index.php\/wp-json\/wp\/v2\/pages\/541\/revisions"}],"predecessor-version":[{"id":994,"href":"https:\/\/www.seformeretreussir.fr\/index.php\/wp-json\/wp\/v2\/pages\/541\/revisions\/994"}],"wp:attachment":[{"href":"https:\/\/www.seformeretreussir.fr\/index.php\/wp-json\/wp\/v2\/media?parent=541"}],"curies":[{"name":"wp","href":"https:\/\/api.w.org\/{rel}","templated":true}]}}

Bilan de Compétence

<div class="wp-block-image">
<figure class="aligncenter"><img loading="lazy" decoding="async" width="258" height="259" src="https://www.seformeretreussir.fr/wp-content/uploads/2024/12/edof-2.png" alt="" class="wp-image-954" srcset="https://www.seformeretreussir.fr/wp-content/uploads/2024/12/edof-2.png 258w, https://www.seformeretreussir.fr/wp-content/uploads/2024/12/edof-2-150x150.png 150w" sizes="auto, (max-width: 258px) 100vw, 258px" /></figure></div>


<p class="has-text-align-center"><a href="https://www.seformeretreussir.fr/wp-content/uploads/2025/01/certificat-B00955-2024-12-21T23_00_00Z.pdf">Notre Certificat Qualiopi</a></p>



<figure class="wp-block-image size-large is-resized"><img loading="lazy" decoding="async" width="543" height="291" src="https://www.web-sap-relax.fr/wp-content/uploads/2020/12/image-2.png" alt="" class="wp-image-544" style="width:603px;height:323px" srcset="https://www.seformeretreussir.fr/wp-content/uploads/2020/12/image-2.png 543w, https://www.seformeretreussir.fr/wp-content/uploads/2020/12/image-2-300x161.png 300w" sizes="auto, (max-width: 543px) 100vw, 543px" /></figure>



<p class="has-text-align-center has-text-color" style="color:#a32900;font-size:29px"><strong>BILAN DE COMPÉTENCES : UN MOMENT PRIVILÉGIÉ DE VOTRE VIE</strong></p>



<p>Vous préparez votre avenir professionnel,&nbsp;c’est aussi un moment pour penser à vous&nbsp; sur le plan personnel :</p>



<ul class="wp-block-list">
<li>Qu’est-ce que j’ai toujours voulu faire et que je n’ai jamais fait ?</li>



<li>Comment je veux organiser ma vie entre ma famille, ma vie de couple, mon travail, mes passions ?</li>



<li>Dans quel métier je me vois demain ?</li>
</ul>



<p>Nous vous aidons à trouver vos réponses !&nbsp;Et à envisager ainsi l'avenir d'une façon sereine et constructive !</p>



<p class="has-text-color" style="color:#a31300"><strong>Bilan de compétences : son déroulement en pratique</strong></p>



<p><strong>​</strong>La démarche de bilan de compétences dure 24 heures,&nbsp;dont 16 heures de "face à face" et s'étale sur une durée de 2 à 3 mois sachant que tous les&nbsp;entretiens sont individuels.</p>



<p>Au cours d'un premier entretien gratuit, d'une&nbsp;heure, nous vous présentons notre vision du bilan de compétences ainsi que notre méthodologie.</p>



<p class="has-text-color" style="color:#e01f05"><strong>Mais ce n'est qu'un début :</strong></p>



<p>Car dans un bilan de compétences, on parle beaucoup de soi.</p>



<p>Il faut donc :</p>



<ul class="wp-block-list">
<li><span style="color:#001ba3" class="tadv-color">Se sentir bien !</span></li>



<li><span style="color:#00a0a3" class="tadv-color">Etre en confiance !</span></li>



<li><span style="color:#278502" class="tadv-color">Ressentir une écoute attentive.</span></li>
</ul>



<p>​Ce premier entretien est donc crucial car il vous permettra de rencontrer votre accompagnateur professionnel&nbsp;attitré dans un cadre confidentiel et de bien comprendre les enjeux.<strong><mark style="background-color:rgba(0, 0, 0, 0)" class="has-inline-color has-accent-color"><mark style="background-color:rgba(0, 0, 0, 0)" class="has-inline-color has-accent-color"></mark></mark></strong></p>



<p class="has-text-color" style="color:#cf2726;font-size:24px"><strong>Bilan de compétences : un accompagnement professionnel qui place votre identité&nbsp;au cœur&nbsp;de votre réussite !&nbsp;</strong></p>



<p></p>



<p class="has-large-font-size"><strong><mark style="background-color:rgba(0, 0, 0, 0)" class="has-inline-color has-accent-color">Cadre légal du Bilan de Compétences</mark></strong></p>



<ul class="wp-block-list">
<li>Consentement du bénéficiaire</li>



<li>Respect du secret professionnel</li>



<li>Respect de la vie privée</li>



<li>Accord du bénéficiaire pour la communication des résultats à un tiers</li>



<li>Destruction des documents à l’issue du bilan</li>
</ul>



<p></p>



<p class="has-large-font-size"><mark style="background-color:rgba(0, 0, 0, 0)" class="has-inline-color has-accent-color"><strong>Financement de votre Bilan de Compétences</strong></mark></p>



<ul class="wp-block-list">
<li>Avec&nbsp;votre&nbsp;Compte&nbsp;Personnel&nbsp;de&nbsp;Formation&nbsp;(CPF)&nbsp;–&nbsp;Code&nbsp;202&nbsp;(abondement&nbsp;possible&nbsp;par&nbsp;Pôle&nbsp;Emploi)</li>



<li>Par&nbsp;votre&nbsp;entreprise&nbsp;</li>



<li>A&nbsp;titre&nbsp;personnel </li>
</ul>



<p></p>



<p>Vous pouvez nous contacter pour votre <strong>Bilan de Compétences</strong> afin que nous puissions vous envoyer par mail le programme adapté à l'analyse de vos besoins. Ce programme apparaîtra dans votre Contrat de Bilan de Compétence.</p>



<p class="has-text-align-center"><span style="color: #ff0000;"><strong>AVEC PERSEVERE.FR ACADEMY - PERSA</strong></span><br /><span style="color: #ff0000;"><strong>RÉUSSISSEZ VOTRE BILAN DE COMPÉTENCES !</strong></span></p>

<p>Notre Certificat Qualiopi BILAN DE COMPÉTENCES : UN MOMENT PRIVILÉGIÉ DE VOTRE VIE Vous préparez votre avenir professionnel,&nbsp;c’est aussi un moment pour penser à vous&nbsp; sur le plan personnel : Nous vous aidons à trouver vos réponses !&nbsp;Et à envisager ainsi l&rsquo;avenir d&rsquo;une façon sereine et constructive ! Bilan de compétences : son déroulement en [&hellip;]</p>
